, 2*u + 5*y - 37136 = 0. What is the tens digit of u?
8
Let f(z) = 10*z**2 - 300*z + 11 + 302*z + 5*z**2. Let i = 107 + -111. What is the tens digit of f(i)?
4
Suppose -4*i + 77667 - 589 = 2*b, -b + 2*i = -38575. What is the ten thousands digit of b?
3
Let v be ((-537)/(-6))/(5/10). Let o = 260 - v. Suppose 3*h + s = -4*s + 211, h = s + o. What is the units digit of h?
7
Suppose 34 = 4*l + x, 0 + 50 = 5*l + 5*x. Suppose -3*i + 1617 = l*i. What is the hundreds digit of i?
1
Let w = -615 - -1021. Suppose l - 70 = -12*j + 15*j, 5*l - j = w. What is the tens digit of l?
8
Let s be 955 + (-4)/8*0/8. Suppose 1655 + s = 45*a. What is the tens digit of a?
5
Let t be ((6 - 14) + 7)/((-2)/(-6)). Let x be t + 40/12 - 8/(-3). Suppose 216 = h - 3*l, x*l - 103 - 107 = -h. What is the tens digit of h?
1
Let f = -11887 + 31236. What is the thousands digit of f?
9
Let m be (((-54)/(-15))/3)/(4/10). Suppose 16199 - 2609 = -m*w. What is the tens digit of w/(-110) + (-2)/11?
4
Let c = 16145 - -8113. What is the thousands digit of c?
4
Let k(z) be the second derivative of 19*z**3/6 + 6*z**2 - 19*z - 4. What is the units digit of k(32)?
0
Let i = 242 - -4799. What is the thousands digit of i?
5
Let z(p) = -p**3 - 3*p**2 - 5*p - 12. Let w be z(-4). Let g(q) = q**3 - 22*q**2 - 48*q + 49. What is the tens digit of g(w)?
4
Let c(s) = -3 - s**2 + 47 - 14. Let v be c(6). What is the tens digit of (-8)/(v/3) + (1 - -94)?
9
Suppose 0 = 102*q - 67282 + 5572. What is the tens digit of q?
0
Suppose 41*g = 39*g + 170. Suppose -g*f + 80*f + 7270 = 0. What is the tens digit of f?
5
Let n(t) = 9*t**3 + t**2 - 3*t + 3. Let h be -1 + -6 + 4 - -89. Let k = h - 84. What is the tens digit of n(k)?
7
Suppose 2*x = 400 + 740. Suppose 0 = 4*j + 46 - x. What is the tens digit of j?
3
Let l = 67 - 71. What is the units digit of (6 - -22)/l + 770?
3
Suppose 0 = -5*q + 156 + 19. Let a = 67 + q. Suppose -4*j = 12, a = z + 2*j + 16. What is the units digit of z?
2
Let o = -4 + 4. Let s(t) = -t - 10. Let f be s(o). What is the units digit of f/(8 + -3) + 3*16?
6
Let o(q) = -20*q**3 + 25*q**2 + 11*q - 52. What is the units digit of o(-10)?
8
Let s(w) = 38*w - 14. Let r be 1*(-3 - -2)*-3. Suppose -r*u = 0, -4*u + 2 = 5*x - 13. What is the tens digit of s(x)?
0
Let t = -94 + 99. Suppose -2*v - q + 1261 = 0, -6*v + 3*v - t*q = -1909. What is the tens digit of v?
2
Suppose 2*c = -79*h + 76*h + 1331, 2*c = -4*h + 1330. What is the units digit of c?
7
Suppose 0 = 15*l - 10*l. Suppose 4*c - 3*t - 14 = -l*c, -5*c + 18 = -4*t. What is the units digit of 17 - c - (5 + -3)?
3
Let a = -148 - -150. Suppose 3*v = 3*s - 2298, -4*s + a*v - 1483 + 4553 = 0. What is the units digit of s?
9
Suppose 60 = -2*i + 330. Let v = -244 + i. Let a = 233 + v. What is the hundreds digit of a?
1
Suppose g + 4*g + 20 = 4*c, 0 = c - 3*g - 12. Suppose c = 5*i + 49*i - 42768. What is the units digit of i?
2
Suppose -1401*i = -1329*i - 1380312. What is the tens digit of i?
7
What is the thousands digit of (-1514457)/(-378) + (-2)/(-4)?
4
Let g(r) = -77*r - 108. Suppose -5*b + 3*a - 24 = 0, 5*b = -0*a + 2*a - 21. What is the hundreds digit of g(b)?
1
Let v = -2875 - -5177. What is the tens digit of v?
0
Let a = -6475 - -20138. What is the hundreds digit of a?
6
Suppose 2*g = 4*j - 8 + 4, -2*j + 10 = 0. Suppose g*b - 2907 = -35. What is the units digit of b?
9
Let x be 304658/(-2627) - 20/710. Let c = -79 + -13. Let y = c - x. What is the tens digit of y?
2
Suppose -14*v = -3*v - 11. Let d(p) = 2701*p**3 - 2 + v - 2690*p**3 + 3*p**2 - p. What is the tens digit of d(2)?
9
Let u = -57 + 61. Suppose -u*z - 308 = -2400. What is the hundreds digit of z?
5
Let x(z) = 7*z**3 + 16*z**2 - 21*z + 6. Let m be x(6). Suppose -7*p + m = -p. What is the tens digit of p?
2
Suppose 0 = -79*h + 939226 + 558219. What is the hundreds digit of h?
9
Suppose -22*z - 3*u = -18*z - 49, 2*u = 2*z - 42. Let l(t) = -2*t**3 + 34*t**2 - 12*t - 30. What is the hundreds digit of l(z)?
2
Let n(q) = 3*q**2 - 5*q - 13. Let g = 80 - 80. Suppose s + 26 = -5*v, g = 2*s - v + 2*v + 16. What is the hundreds digit of n(s)?
1
Suppose -5*l + 45847 = -3*r, 5*l - 76*r + 77*r - 45871 = 0. What is the thousands digit of l?
9
Let j = -282 + 285. Suppose -709 = 3*u + j*r - 2395, 4*u + 3*r - 2243 = 0. What is the tens digit of u?
5
Suppose -1021 = -d + 3*z, 2*z = -4*d + 5*z + 4057. Suppose -4*n - d = -15*n. What is the tens digit of n?
9
Let h be (4 - (-261)/(-36))*(1 - 129). Let q = 556 - h. What is the tens digit of q?
4
Let n = -37 + 19. Let p(j) = -j**3 - 18*j**2 + 2*j - 22. Let g be p(n). Let r = g + 110. What is the units digit of r?
2
Let s = 5949 + 2085. Suppose -2*k + 131 = -5*r + 3332, 2*r - s = 5*k. What is the units digit of (-4 + 1)/(2/(k/18))?
4
Let k = -408 + 1380. What is the tens digit of k?
7
Let b(q) = 7*q + 25. Let w be b(-8). Let g = w + 37. What is the units digit of (80 - 3/(-3))*2/g?
7
Suppose -1904 = -5*i + 5*h + 1151, 30 = 5*h. What is the tens digit of i?
1
Let p(r) = -r**2 - 36*r + 78. Suppose 0 = -14*c - 15*c - 725. What is the hundreds digit of p(c)?
3
Suppose 5*a = -10, 17*d - 9 = 16*d - a. What is the units digit of d?
1
Let o = 3464 + 7385. What is the units digit of o?
9
Let v(r) = -r**3 - 2*r**2 - 4*r + 385. Suppose 3*n + 11 = 3*k + 2, -4*n = 2*k + 12. What is the tens digit of v(k)?
8
Let n(b) = -3*b**3 - 34*b**2 - 142*b - 51. What is the ten thousands digit of n(-22)?
1
Let w(q) = -3692*q + 5916. What is the thousands digit of w(-3)?
6
Let q(g) = -545*g + 622. What is the thousands digit of q(-8)?
4
Suppose -s - 5*r + 30726 = 0, 4*r - 8*r = 0. What is the tens digit of s?
2
Let a(s) = 3182*s + 744. What is the units digit of a(6)?
6
Let t(l) = -4*l - 10. Let r be ((-44)/16*-4)/(-1). Let d be t(r). Suppose -3*g = -5*j + d, 3*j - 3*g = -j + 26. What is the units digit of j?
8
Let t(f) = f - 33. Let r be t(25). What is the units digit of 5/((-25)/9220)*2/r?
1
Let s = -30988 + 50088. Suppose -16*q = 4*q - s. What is the units digit of q?
5
Let o(m) = 23*m**2 - 7*m + 6. Let s(a) = -44*a**2 + 16*a - 12. Let q(l) = 5*o(l) + 2*s(l). What is the units digit of q(4)?
6
Suppose 2*d = o - 5*o - 164, 2*o + 90 = -5*d. Let w = o - -43. Suppose 0 = c - w*c + 48. What is the tens digit of c?
2
Let v be ((0 - 4) + -86)/((-4)/(-18)). What is the tens digit of (-6 + 2)*v/108?
1
Suppose -129 = -15*d - 24. What is the hundreds digit of (-251)/(d + (-32)/4)?
2
Let x be (0 + -7 + 1)/(-2) - -32. Suppose 4*s + y = 4*y + x, -3*y = -3*s + 30. Suppose -s*c = -21 + 6. What is the units digit of c?
3
Let m(g) = -g**3 + 9*g**2 - 5*g - 9. Let o(r) = -r**2 + r - 12. Let l be o(-5). Let f = -34 - l. What is the units digit of m(f)?
5
Suppose -5*y + 7541 = h - 18603, -2*y + h + 10459 = 0. What is the units digit of y?
9
Let c(g) = -9*g - 70. Let y be c(-8). Suppose -k + 14 = z - 96, 5*z + y*k - 535 = 0. What is the tens digit of z?
0
Suppose -4*v + 2*j - 4*j = -111562, 4*j - 27922 = -v. What is the ten thousands digit of v?
2
Let s = 480 - 488. What is the tens digit of 760/5 + (s - -6)?
5
Let h be -3*(4/24)/(1/(-8)). Suppose -j - 225 = -6*j + h*k, -5*j + 225 = 5*k. What is the tens digit of j?
4
What is the hundreds digit of 805/46*3/(-15)*-3220*1?
2
Suppose -4637*k = -4628*k - 52119. What is the units digit of k?
1
Suppose 0 = 3*k - 5*k - 4, -3*m + 4*k + 23 = 0. Suppose 2932 + 1773 = m*x. What is the tens digit of x?
4
Let g(p) = -p**2 + p + 24. Let f be g(5). Suppose f*x - 947 = -v, -1991 + 64 = -2*v + 3*x. What is the units digit of v?
9
What is the ten thousands digit of 11*32/88*2554?
1
Let o(i) = -i**3 + 20*i**2 + 9*i + 25. Let t be o(17). What is the hundreds digit of (-18)/3*t/(-22)?
2
Let f be 18*(1/4 - 12192/(-128)). Suppose -2*l = -5*u - 703 - 450, -3*u + f = 3*l. What is the units digit of l?
4
Suppose 50 = 5*w + 2*s + 23, 0 = 5*w - 2*s - 23. Suppose -w*y + 1642 = 5*a - 2803, -5*y - 1757 = -2*a. What is the units digit of a?
6
Suppose 3*h = 2*q + 4*h - 38, 5*q + 2*h - 96 = 0. Suppose q*c - 19*c = 0. Suppose c = 5*n - f - 358, -5*n - 5*f - 56 = -396. What is the tens digit of n?
7
Let k(x) be the second derivative of 9*x**3 + 118*x**2 + 12*x + 6. What is the hundreds digit of k(28)?
7
Suppose -w + 2*i = -17552, -14*w + 20*i - 21*i + 245902 = 0. What is the units d